8*z. What is the tens digit of z?
6
Suppose 8*g + 4*g = 5*g. Suppose -3*c - 3 = g, -4*c = 2*u - 3 - 5. Suppose 216 = u*t - 3*t. What is the units digit of t?
2
Suppose 4*q - 614 = 5*i + 2042, 0 = -4*i. Let d = -941 + q. Let g = d - -421. What is the units digit of g?
4
Suppose -4*k = -7*k + 3192. Suppose 3*h = k - 392. Let c = 338 - h. What is the hundreds digit of c?
1
Let c(r) = 11*r**3 - 6*r**2 - 15*r - 21. What is the tens digit of c(9)?
7
Let m(v) = -v**2 - 10*v - 33. Let q be 310/(-18) - 2/(-9). Let s be m(q). Let g = s + 335. What is the tens digit of g?
8
Let w = 86 - 80. Suppose 2*u + y = w*y + 1486, -2 = y. What is the hundreds digit of u?
7
Suppose 0 = -2*c - 4*x + 10704, 5*c + 173*x - 26784 = 175*x. What is the hundreds digit of c?
3
Suppose -b - 3*u = 7, 4*u = -2*b + 5*b - 31. Suppose -b*r + 2*l = 892, r + 3*r - 4*l = -704. What is the tens digit of (78/(-5))/(54/r)?
5
Let q = -4094 + 6974. What is the hundreds digit of q?
8
Let i(k) = 2*k**2 + 16*k + 5. Let d be i(-8). Suppose -2*x + 392 = d*x. What is the tens digit of x?
5
Let p = 106 + -163. Let h = p - -62. Suppose -4*o + 4 = w, o = h*o. What is the units digit of w?
4
Suppose -5*a + 2*h = -72794, 14568 = a - 14*h + 9*h. What is the ten thousands digit of a?
1
Let r be (-6*(-6)/(-90))/((-1)/5). Let b be ((-20)/r*-63)/1. Suppose 2*p + 616 = 5*f, 2*f + 5*p - b = -3*f. What is the units digit of f?
4
Let c = 18100 - 4715. What is the hundreds digit of c?
3
Suppose -4*x + 14057 = 4*h - 1503, -4*x = -5*h - 15533. What is the hundreds digit of x?
8
Suppose 0 = -2989*o + 3026*o - 338772. What is the hundreds digit of o?
1
Let n(w) be the first derivative of 11*w**5/20 + w**4/6 + 5*w**3/6 - 13*w**2/2 + 23. Let q(m) be the second derivative of n(m). What is the tens digit of q(-1)?
3
Let z = -2353 - -12093. What is the hundreds digit of z?
7
Let s(i) be the second derivative of -193*i**3/6 - 81*i**2/2 + 118*i. What is the units digit of s(-4)?
1
Let l(u) = 9*u**2 + 7*u + 16. Let a be l(-16). Suppose 0*r - a = -2*r + 4*k, 5*r = -5*k + 5550. What is the units digit of r?
8
Suppose -2*i - 3*i + 200 = 0. Let c(l) = l**2 - 113*l - 881. Let a be c(-8). Let o = a - i. What is the tens digit of o?
4
Let x be -3 + (-39)/(-9) + 15/9. Let y(g) = 4*g**3 - g - 7. Let f be y(5). Suppose -f = -n - x*n. What is the hundreds digit of n?
1
Let x(b) = -1333*b + 628. What is the units digit of x(-21)?
1
Suppose -f - 4*r = -1399, 3*f - 2*r - 7057 = -2804. What is the hundreds digit of f?
4
Suppose -357*s + 362*s = 5*d + 6350, 4*s - d - 5095 = 0. What is the thousands digit of s?
1
Let q(n) = n**3 - 12*n**2 - 41*n - 40. Let t be 30/(-4)*(-2 + 0). What is the tens digit of q(t)?
2
Let t = -2109 + 4062. Let p = 2 + 15. Suppose -p*b + 10*b = -t. What is the units digit of b?
9
Let c be 1095/(-6)*(5/(-25) - 5). Let m = 1875 - c. What is the tens digit of m?
2
Suppose -2*y - 15609 = -3*q, -4*q - 32*y = -27*y - 20766. What is the thousands digit of q?
5
What is the tens digit of (-353795637)/(-10051) + 1/(-23)?
0
Suppose -8*s - 34636 = 51*s - 737267. What is the ten thousands digit of s?
1
Let z = -67 + 67. Suppose 0 = 4*y - 32 - z. Suppose 2*a - 124 = y. What is the units digit of a?
6
Let k = 246 - 243. Suppose -3*g = 2*a - 1537, -2328 = -k*a - g + 4*g. What is the hundreds digit of a?
7
Suppose -19*a = -15*a - 3*u - 3588, -2*u = -5*a + 4492. What is the tens digit of a?
0
Suppose -w + 2*n = -1124, -2*n - 4518 = -4*w - 5*n. Suppose 0 = 5*y - 4*f + 99 - 1509, -4*y + 3*f = -w. What is the tens digit of y?
8
Let d = 261 + -168. Let h = d + -45. What is the units digit of (-6)/4*h/(-72)?
1
Let d = 4 - -115. Suppose 0 = 3*i - 4*r, -5*i - 121 = 4*r - 57. What is the units digit of i + 6 + (d - 0)?
7
Let t = -40 + 90. Suppose 6*n = 28 + t. What is the units digit of n?
3
Let j(r) = 2*r**2 + 25*r + 298. Let i be j(-14). Suppose 0 = 8*z - 4*z - i. What is the tens digit of z?
8
Suppose 2*d = 3*d - 2*k - 116, 555 = 5*d - 5*k. Let t(z) = z**2 - 20*z + 79. Let p be t(14). Let q = d + p. What is the hundreds digit of q?
1
Let w(y) = 4894*y - 3942. What is the tens digit of w(11)?
9
What is the thousands digit of -5 + -1 - 9/27*-4971?
1
Let r(z) = 5*z**2 + 18*z - 26. Suppose -2*n + 39 = 4*o + 11, -3*o = 2*n - 21. What is the tens digit of r(o)?
4
Let r be 3/((-3)/(-380)) - 1. Suppose 0 = -9*m - 488 - 1870. Let z = m + r. What is the hundreds digit of z?
1
Let l = -5314 + 37142. What is the thousands digit of l?
1
Suppose -3*i + 5*z + 50 = -16, 2*z + 88 = 4*i. Suppose -24*b + 264 = -i*b. What is the tens digit of b?
3
Suppose -y - 54702 = -5*l, 2*l + 28*y = 24*y + 21894. What is the hundreds digit of l?
9
Let n(a) = a**3 - 4*a**2 - 14*a + 15. Let l be n(6). Suppose l*y = 23*y - 11120. What is the tens digit of y?
5
Let r(q) = -q**3 + 4*q**2 + 6*q - 14. Let v be r(5). Let t = 104 + -40. Let s = v + t. What is the units digit of s?
5
Let b be 3 - -2 - (3 - 2). Suppose 0 = -b*c - 2*m + 1308, 4*m = -4*c + 234 + 1078. What is the hundreds digit of c?
3
Let r be 4/(-3)*6/(-2). Suppose 6*f + 5*z = r*f + 185, -97 = -f - z. What is the units digit of f?
0
Let r(x) be the second derivative of -5*x**3/2 - 9*x**2 + 4*x. Let s(i) = i**3 - 5*i**2 + 6*i - 4. Let a be s(3). What is the tens digit of r(a)?
4
Let k = 22316 - -57945. What is the hundreds digit of k?
2
Suppose 0 = j + m - 16188, -4*j + 5*m = -24067 - 40622. What is the units digit of j?
1
Let a = 127 + -302. Let n be (-129640)/a + 1*1/5. Suppose -4*v = s - 988, -s - s = -3*v + n. What is the units digit of v?
7
Let m be (-4)/(-14) + 175440/420. Suppose -m = -5*t - 5*x + 2207, 0 = 3*t - 3*x - 1587. What is the hundreds digit of t?
5
Let a = 28 - 25. Let s be 0 - 2 - (a + -10). Suppose s*w + 303 = 4*b, -3*b - 3*w = 2*w - 271. What is the tens digit of b?
8
What is the tens digit of ((975/12)/65)/((3/3772)/3)?
1
Let r = 1502 + 1549. What is the tens digit of r?
5
Let g(q) = q**2 + 3*q + 12. Suppose a = 3, 19 - 82 = -3*y - a. Let p = -27 + y. What is the units digit of g(p)?
0
Let a(k) = 3*k - 9. Let i = 29 + -25. Let j be a(i). Let n(l) = -l**3 + 2*l**2 + 6*l - 1. What is the units digit of n(j)?
8
Suppose -25 = 3*n - 22, -5*c + 3*n + 156213 = 0. What is the ten thousands digit of c?
3
Let m = -14287 - -18069. What is the thousands digit of m?
3
Let o = -997 + 1860. Let j = o + -278. What is the units digit of j?
5
Let s(c) = -1240*c + 716. What is the hundreds digit of s(-7)?
3
Suppose 4*n - n + 2*l = 38, 5*n + 4*l = 64. Let w = n + -6. Suppose w*u - 126 = 474. What is the tens digit of u?
0
Suppose 8*z = 11*z - 66. Let m = 27 - z. Suppose n + m = 0, -n = -v + 3*n + 25. What is the units digit of v?
5
What is the hundreds digit of (-10)/(-4)*(1 + -3) + 21162/2?
5
What is the tens digit of -519079*(-6)/66 - -8?
9
Let g(r) = -2*r. Let y(p) = p. Let t(o) = 3*g(o) + 7*y(o). Suppose 0 = -95*k + 97*k - 10. What is the units digit of t(k)?
5
Let i = -589 - -1129. Suppose i = 2*g - 4*f - 2188, -4*g + 4*f + 5472 = 0. What is the tens digit of g?
7
Let m = 257 + -142. Let z = -117 + m. What is the tens digit of (-917)/(-4) + z/8?
2
What is the hundreds digit of (-3050)/(12 - 456/36)?
5
Let n be 51/6*(-1 - -7). Let v be -788*(-5 + n/12). Suppose -d - v = -3*c - 3*d, c + d - 196 = 0. What is the hundreds digit of c?
1
Let y(z) be the first derivative of z**4/2 + 9*z**3 + 9*z**2 + 16*z + 42. What is the units digit of y(-11)?
3
Suppose -2*b + 7*g = 5*g, 0 = 5*b - 4*g + 4. What is the units digit of ((-2)/10)/(((-8)/(-30))/b)?
3
Let i(w) = -20*w**3 + 4*w**2 - 12. Let z be i(-4). What is the units digit of 5 + z/4 + 3?
1
Let w(y) = 2*y**2 - y**3 - 6*y**2 + 6 + 3. Let b be (-2)/((5/30)/(2/4)). What is the tens digit of w(b)?
8
Suppose 60*b - 99251 = 100549. What is the units digit of b?
0
Suppose -3*v + 47 = 35. Suppose 0 = 9*d - 6*d + 3, 627 = v*y - 3*d. What is the hundreds digit of y?
1
Let m(l) = -l**2 + 3*l + 38. Let s be m(7). Let w(o) = 2*o**2 - 15*o + 31. What is the units digit of w(s)?
1
Let x(z) = 186*z**2 - 74*z - 263. What is the tens digit of x(-4)?
0
Suppose 12*a = -626 - 118. Let u be 8/10*5/(-4)*a. Suppose 5*g - 69 = -m, 4*g - 2*g = m - u. What is the tens digit of m?
6
What is the ten thousands digit of 1/(-12 + 7860004/327500 - 12)?
8
Let i = -199 - -204. Let n(j) = 23*j*